ghest common factor of 105 and 16737?
21
Calculate the greatest common divisor of 53 and 5035.
53
Calculate the highest common factor of 8748 and 12.
12
Calculate the highest common divisor of 846 and 987.
141
What is the highest common factor of 533 and 26?
13
What is the greatest common factor of 35 and 135?
5
Calculate the greatest common divisor of 68 and 8.
4
Calculate the greatest common factor of 32 and 5968.
16
Calculate the highest common divisor of 266 and 350.
14
What is the greatest common factor of 21 and 861?
21
Calculate the greatest common factor of 161 and 23.
23
Calculate the highest common divisor of 7 and 3808.
7
What is the greatest common factor of 14 and 2338?
14
Calculate the highest common divisor of 11200 and 70.
70
What is the highest common factor of 338 and 2?
2
Calculate the highest common divisor of 47 and 19.
1
What is the highest common divisor of 460 and 299?
23
What is the highest common factor of 16478 and 924?
154
What is the greatest common factor of 24 and 56?
8
What is the highest common factor of 19 and 209?
19
What is the greatest common factor of 2256 and 360?
24
What is the greatest common factor of 123 and 205?
41
Calculate the highest common factor of 2 and 98.
2
Calculate the highest common factor of 25 and 160.
5
What is the greatest common factor of 80 and 176?
16
What is the greatest common divisor of 477 and 9?
9
What is the greatest common factor of 14 and 847?
7
Calculate the highest common factor of 72 and 1536.
24
What is the greatest common factor of 135 and 5535?
135
Calculate the highest common factor of 126 and 28.
14
What is the greatest common divisor of 63 and 459?
9
What is the highest common divisor of 99 and 11?
11
Calculate the greatest common factor of 162 and 114.
6
Calculate the highest common divisor of 210 and 168.
42
Calculate the greatest common divisor of 11 and 6743.
11
Calculate the greatest common factor of 253 and 92.
23
What is the highest common divisor of 58 and 2?
2
Calculate the greatest common factor of 2352 and 48.
48
What is the highest common factor of 2077 and 589?
31
Calculate the greatest common factor of 120 and 3480.
120
What is the highest common factor of 357 and 1122?
51
Calculate the highest common factor of 88 and 37400.
88
What is the highest common divisor of 136 and 3366?
34
Calculate the highest common divisor of 16 and 58.
2
Calculate the greatest common divisor of 11605 and 110.
55
Calculate the highest common factor of 51 and 141.
3
What is the greatest common factor of 6 and 102?
6
What is the highest common divisor of 250 and 60?
10
Calculate the highest common divisor of 228 and 76.
76
What is the highest common divisor of 10 and 550?
10
What is the highest common factor of 24 and 404?
4
Calculate the highest common factor of 1150 and 46.
46
Calculate the highest common divisor of 75 and 8235.
15
What is the highest common factor of 21 and 567?
21
What is the highest common factor of 6 and 46?
2
What is the highest common factor of 1002 and 6?
6
Calculate the highest common divisor of 20 and 228.
4
What is the greatest common divisor of 7 and 7?
7
Calculate the highest common divisor of 22 and 13376.
22
What is the greatest common divisor of 27 and 297?
27
What is the greatest common factor of 42 and 28?
14
Calculate the greatest common factor of 8 and 104.
8
What is the highest common divisor of 135 and 65?
5
Calculate the highest common factor of 544 and 476.
68
Calculate the greatest common factor of 54 and 3462.
6
What is the greatest common divisor of 35 and 10?
5
What is the greatest common divisor of 135 and 15?
15
What is the highest common factor of 6 and 768?
6
Calculate the highest common divisor of 504 and 882.
126
What is the greatest common factor of 117 and 9?
9
What is the greatest common divisor of 72 and 2835?
9
What is the highest common divisor of 1644 and 12?
12
What is the greatest common factor of 63 and 42?
21
Calculate the highest common divisor of 36 and 2187.
9
Calculate the greatest common divisor of 60 and 228.
12
Calculate the greatest common factor of 1180 and 20.
20
What is the highest common factor of 437 and 57?
19
Calculate the highest common factor of 32 and 2144.
32
Calculate the greatest common divisor of 48 and 69.
3
Calculate the highest common factor of 5982 and 60.
6
What is the greatest common divisor of 664 and 8?
8
What is the highest common factor of 42 and 462?
42
Calculate the highest common divisor of 851 and 185.
37
What is the highest common factor of 666 and 777?
111
Calculate the greatest common factor of 12 and 4542.
6
Calculate the greatest common factor of 120 and 4000.
40
Calculate the greatest common divisor of 6820 and 44.
44
Calculate the highest common factor of 3 and 318.
3
Calculate the greatest common divisor of 1308 and 204.
12
What is the greatest common factor of 360 and 1340?
20
What is the highest common factor of 408 and 48?
24
Calculate the greatest common divisor of 8 and 5752.
8
What is the highest common factor of 372 and 403?
31
Calculate the greatest common factor of 14 and 17038.
14
Calculate the highest common divisor of 1 and 16.
1
Calculate the highest common divisor of 85 and 2499.
17
What is the greatest common factor of 378 and 414?
18
What is the greatest common factor of 184 and 23?
23
What is the greatest common divisor of 1 and 162?
1
What is the greatest common factor of 77 and 275?
11
Calculate the highest common divisor of 1434 and 24.
6
Calculate the highest common factor of 530 and 848.
106
Calculate the highest common divisor of 16 and 184.
8
Calculate the greatest common divisor of 69 and 115.
23
What is the greatest common factor of 81 and 225?
9
Calculate the greatest common factor of 42005 and 155.
155
Calculate the highest common factor of 140 and 28.
28
What is the greatest common factor of 928 and 29?
29
Calculate the highest common divisor of 27 and 3.
3
What is the greatest common factor of 72 and 448?
8
Calculate the highest common factor of 26 and 6.
2
Calculate the greatest common factor of 35208 and 432.
216
What is the greatest common divisor of 1 and 1123?
1
What is the highest common divisor of 58 and 58?
58
What is the highest common factor of 25 and 120?
5
What is the highest common divisor of 88 and 16?
8
Calculate the greatest common factor of 114 and 2337.
57
What is the greatest common divisor of 14 and 329?
7
Calculate the greatest common divisor of 175 and 39025.
175
What is the greatest common divisor of 15 and 760?
5
Calculate the highest common factor of 986 and 68.
34
Calculate the greatest common factor of 70 and 2114.
14
Calculate the highest common divisor of 52 and 234.
26
Calculate the greatest common factor of 990 and 27.
9
What is the greatest common divisor of 158 and 4?
2
Calculate the highest common factor of 1280 and 8.
8
What is the greatest common factor of 8361 and 45?
9
Calculate the greatest common factor of 185 and 148.
37
What is the highest common divisor of 1872 and 80?
16
Calculate the greatest common divisor of 104 and 962.
26
What is the highest common factor of 32 and 1832?
8
What is the greatest common factor of 7983 and 18?
9
What is the highest common factor of 115 and 15?
5
Calculate the highest common divisor of 9806 and 4.
2
Calculate the greatest common divisor of 1750 and 560.
70
Calculate the greatest common factor of 27 and 1269.
27
What is the highest common factor of 836 and 308?
44
Calculate the greatest common factor of 1107 and 41.
41
What is the greatest common factor of 88 and 7216?
88
Calculate the highest common divisor of 725 and 58.
29
Calculate the greatest common factor of 690 and 30.
30
What is the greatest common factor of 6345 and 405?
135
What is the highest common divisor of 646 and 68?
34
What is the highest common factor of 1859 and 88?
11
Calculate the greatest common divisor of 330 and 1397.
11
Calculate the highest common divisor of 2 and 50.
2
What is the greatest common divisor of 5 and 9?
1
Calculate the highest common divisor of 252 and 140.
28
What is the greatest common divisor of 1978 and 92?
46
What is the highest common factor of 100 and 3050?
50
Calculate the highest common divisor of 40 and 440.
40
Calculate the greatest common factor of 1764 and 1